{"id":824,"date":"2016-12-11T22:10:00","date_gmt":"2016-12-11T21:10:00","guid":{"rendered":"http:\/\/www.prince-stmaur.fr\/?post_type=product&#038;p=824"},"modified":"2025-07-06T14:35:29","modified_gmt":"2025-07-06T12:35:29","slug":"biryani-poulet","status":"publish","type":"product","link":"https:\/\/royal-rajpoot-stmaur.fr\/index.php\/product\/biryani-poulet\/","title":{"rendered":"BIRYANI POULET"},"content":{"rendered":"<p>Poulet d\u00e9soss\u00e9 mijot\u00e9 avec riz aux \u00e9pices vari\u00e9es<\/p>\n","protected":false},"excerpt":{"rendered":"<p>Poulet d\u00e9soss\u00e9 mijot\u00e9 avec riz aux \u00e9pices vari\u00e9es<\/p>\n","protected":false},"featured_media":0,"template":"","meta":[],"product_cat":[26,18],"product_tag":[],"class_list":{"0":"post-824","1":"product","2":"type-product","3":"status-publish","5":"product_cat-biryanis","6":"product_cat-plats-principaux","8":"first","9":"instock","10":"taxable","11":"shipping-taxable","12":"purchasable","13":"product-type-simple"},"yoast_head":"<!-- This site is optimized with the Yoast SEO plugin v23.0 - https:\/\/yoast.com\/wordpress\/plugins\/seo\/ -->\n<title>BIRYANI POULET - Royal Rajpoot<\/title>\n<meta name=\"robots\" content=\"index, follow, max-snippet:-1, max-image-preview:large, max-video-preview:-1\" \/>\n<link rel=\"canonical\" href=\"https:\/\/royal-rajpoot-stmaur.fr\/index.php\/product\/biryani-poulet\/\" \/>\n<meta property=\"og:locale\" content=\"fr_FR\" \/>\n<meta property=\"og:type\" content=\"article\" \/>\n<meta property=\"og:title\" content=\"BIRYANI POULET - Royal Rajpoot\" \/>\n<meta property=\"og:description\" content=\"Poulet d\u00e9soss\u00e9 mijot\u00e9 avec riz aux \u00e9pices vari\u00e9es\" \/>\n<meta property=\"og:url\" content=\"https:\/\/royal-rajpoot-stmaur.fr\/index.php\/product\/biryani-poulet\/\" \/>\n<meta property=\"og:site_name\" content=\"Royal Rajpoot\" \/>\n<meta property=\"article:modified_time\" content=\"2025-07-06T12:35:29+00:00\" \/>\n<meta name=\"twitter:card\" content=\"summary_large_image\" \/>\n<script type=\"application\/ld+json\" class=\"yoast-schema-graph\">{\"@context\":\"https:\/\/schema.org\",\"@graph\":[{\"@type\":\"WebPage\",\"@id\":\"https:\/\/royal-rajpoot-stmaur.fr\/index.php\/product\/biryani-poulet\/\",\"url\":\"https:\/\/royal-rajpoot-stmaur.fr\/index.php\/product\/biryani-poulet\/\",\"name\":\"BIRYANI POULET - Royal Rajpoot\",\"isPartOf\":{\"@id\":\"https:\/\/royal-rajpoot-stmaur.fr\/#website\"},\"datePublished\":\"2016-12-11T21:10:00+00:00\",\"dateModified\":\"2025-07-06T12:35:29+00:00\",\"breadcrumb\":{\"@id\":\"https:\/\/royal-rajpoot-stmaur.fr\/index.php\/product\/biryani-poulet\/#breadcrumb\"},\"inLanguage\":\"fr-FR\",\"potentialAction\":[{\"@type\":\"ReadAction\",\"target\":[\"https:\/\/royal-rajpoot-stmaur.fr\/index.php\/product\/biryani-poulet\/\"]}]},{\"@type\":\"BreadcrumbList\",\"@id\":\"https:\/\/royal-rajpoot-stmaur.fr\/index.php\/product\/biryani-poulet\/#breadcrumb\",\"itemListElement\":[{\"@type\":\"ListItem\",\"position\":1,\"name\":\"Accueil\",\"item\":\"https:\/\/royal-rajpoot-stmaur.fr\/\"},{\"@type\":\"ListItem\",\"position\":2,\"name\":\"La Carte\",\"item\":\"https:\/\/royal-rajpoot-stmaur.fr\/index.php\/shop\/\"},{\"@type\":\"ListItem\",\"position\":3,\"name\":\"BIRYANI POULET\"}]},{\"@type\":\"WebSite\",\"@id\":\"https:\/\/royal-rajpoot-stmaur.fr\/#website\",\"url\":\"https:\/\/royal-rajpoot-stmaur.fr\/\",\"name\":\"Royal Rajpoot\",\"description\":\"Sp\u00e9cialit\u00e9s indiennes et pakistanaises\",\"potentialAction\":[{\"@type\":\"SearchAction\",\"target\":{\"@type\":\"EntryPoint\",\"urlTemplate\":\"https:\/\/royal-rajpoot-stmaur.fr\/?s={search_term_string}\"},\"query-input\":\"required name=search_term_string\"}],\"inLanguage\":\"fr-FR\"}]}<\/script>\n<!-- \/ Yoast SEO plugin. -->","yoast_head_json":{"title":"BIRYANI POULET - Royal Rajpoot","robots":{"index":"index","follow":"follow","max-snippet":"max-snippet:-1","max-image-preview":"max-image-preview:large","max-video-preview":"max-video-preview:-1"},"canonical":"https:\/\/royal-rajpoot-stmaur.fr\/index.php\/product\/biryani-poulet\/","og_locale":"fr_FR","og_type":"article","og_title":"BIRYANI POULET - Royal Rajpoot","og_description":"Poulet d\u00e9soss\u00e9 mijot\u00e9 avec riz aux \u00e9pices vari\u00e9es","og_url":"https:\/\/royal-rajpoot-stmaur.fr\/index.php\/product\/biryani-poulet\/","og_site_name":"Royal Rajpoot","article_modified_time":"2025-07-06T12:35:29+00:00","twitter_card":"summary_large_image","schema":{"@context":"https:\/\/schema.org","@graph":[{"@type":"WebPage","@id":"https:\/\/royal-rajpoot-stmaur.fr\/index.php\/product\/biryani-poulet\/","url":"https:\/\/royal-rajpoot-stmaur.fr\/index.php\/product\/biryani-poulet\/","name":"BIRYANI POULET - Royal Rajpoot","isPartOf":{"@id":"https:\/\/royal-rajpoot-stmaur.fr\/#website"},"datePublished":"2016-12-11T21:10:00+00:00","dateModified":"2025-07-06T12:35:29+00:00","breadcrumb":{"@id":"https:\/\/royal-rajpoot-stmaur.fr\/index.php\/product\/biryani-poulet\/#breadcrumb"},"inLanguage":"fr-FR","potentialAction":[{"@type":"ReadAction","target":["https:\/\/royal-rajpoot-stmaur.fr\/index.php\/product\/biryani-poulet\/"]}]},{"@type":"BreadcrumbList","@id":"https:\/\/royal-rajpoot-stmaur.fr\/index.php\/product\/biryani-poulet\/#breadcrumb","itemListElement":[{"@type":"ListItem","position":1,"name":"Accueil","item":"https:\/\/royal-rajpoot-stmaur.fr\/"},{"@type":"ListItem","position":2,"name":"La Carte","item":"https:\/\/royal-rajpoot-stmaur.fr\/index.php\/shop\/"},{"@type":"ListItem","position":3,"name":"BIRYANI POULET"}]},{"@type":"WebSite","@id":"https:\/\/royal-rajpoot-stmaur.fr\/#website","url":"https:\/\/royal-rajpoot-stmaur.fr\/","name":"Royal Rajpoot","description":"Sp\u00e9cialit\u00e9s indiennes et pakistanaises","potentialAction":[{"@type":"SearchAction","target":{"@type":"EntryPoint","urlTemplate":"https:\/\/royal-rajpoot-stmaur.fr\/?s={search_term_string}"},"query-input":"required name=search_term_string"}],"inLanguage":"fr-FR"}]}},"jetpack_sharing_enabled":true,"_links":{"self":[{"href":"https:\/\/royal-rajpoot-stmaur.fr\/index.php\/wp-json\/wp\/v2\/product\/824","targetHints":{"allow":["GET"]}}],"collection":[{"href":"https:\/\/royal-rajpoot-stmaur.fr\/index.php\/wp-json\/wp\/v2\/product"}],"about":[{"href":"https:\/\/royal-rajpoot-stmaur.fr\/index.php\/wp-json\/wp\/v2\/types\/product"}],"wp:attachment":[{"href":"https:\/\/royal-rajpoot-stmaur.fr\/index.php\/wp-json\/wp\/v2\/media?parent=824"}],"wp:term":[{"taxonomy":"product_cat","embeddable":true,"href":"https:\/\/royal-rajpoot-stmaur.fr\/index.php\/wp-json\/wp\/v2\/product_cat?post=824"},{"taxonomy":"product_tag","embeddable":true,"href":"https:\/\/royal-rajpoot-stmaur.fr\/index.php\/wp-json\/wp\/v2\/product_tag?post=824"}],"curies":[{"name":"wp","href":"https:\/\/api.w.org\/{rel}","templated":true}]}}