{"id":783,"date":"2016-12-07T21:35:45","date_gmt":"2016-12-07T20:35:45","guid":{"rendered":"http:\/\/www.prince-stmaur.fr\/?post_type=product&#038;p=783"},"modified":"2024-07-13T17:59:40","modified_gmt":"2024-07-13T15:59:40","slug":"agneau-madras","status":"publish","type":"product","link":"https:\/\/royal-rajpoot-stmaur.fr\/index.php\/product\/agneau-madras\/","title":{"rendered":"AGNEAU MADRAS"},"content":{"rendered":"<p>Agneau mac\u00e9r\u00e9 \u00e0 la sauce traditionnelle madras<\/p>\n","protected":false},"excerpt":{"rendered":"<p>Agneau mac\u00e9r\u00e9 \u00e0 la sauce traditionnelle madras<\/p>\n","protected":false},"featured_media":0,"template":"","meta":[],"product_cat":[17,18],"product_tag":[],"class_list":{"0":"post-783","1":"product","2":"type-product","3":"status-publish","5":"product_cat-agneau","6":"product_cat-plats-principaux","8":"first","9":"instock","10":"taxable","11":"shipping-taxable","12":"purchasable","13":"product-type-simple"},"yoast_head":"<!-- This site is optimized with the Yoast SEO plugin v23.0 - https:\/\/yoast.com\/wordpress\/plugins\/seo\/ -->\n<title>AGNEAU MADRAS - Royal Rajpoot<\/title>\n<meta name=\"robots\" content=\"index, follow, max-snippet:-1, max-image-preview:large, max-video-preview:-1\" \/>\n<link rel=\"canonical\" href=\"https:\/\/royal-rajpoot-stmaur.fr\/index.php\/product\/agneau-madras\/\" \/>\n<meta property=\"og:locale\" content=\"fr_FR\" \/>\n<meta property=\"og:type\" content=\"article\" \/>\n<meta property=\"og:title\" content=\"AGNEAU MADRAS - Royal Rajpoot\" \/>\n<meta property=\"og:description\" content=\"Agneau mac\u00e9r\u00e9 \u00e0 la sauce traditionnelle madras\" \/>\n<meta property=\"og:url\" content=\"https:\/\/royal-rajpoot-stmaur.fr\/index.php\/product\/agneau-madras\/\" \/>\n<meta property=\"og:site_name\" content=\"Royal Rajpoot\" \/>\n<meta property=\"article:modified_time\" content=\"2024-07-13T15:59:40+00:00\" \/>\n<meta name=\"twitter:card\" content=\"summary_large_image\" \/>\n<script type=\"application\/ld+json\" class=\"yoast-schema-graph\">{\"@context\":\"https:\/\/schema.org\",\"@graph\":[{\"@type\":\"WebPage\",\"@id\":\"https:\/\/royal-rajpoot-stmaur.fr\/index.php\/product\/agneau-madras\/\",\"url\":\"https:\/\/royal-rajpoot-stmaur.fr\/index.php\/product\/agneau-madras\/\",\"name\":\"AGNEAU MADRAS - Royal Rajpoot\",\"isPartOf\":{\"@id\":\"https:\/\/royal-rajpoot-stmaur.fr\/#website\"},\"datePublished\":\"2016-12-07T20:35:45+00:00\",\"dateModified\":\"2024-07-13T15:59:40+00:00\",\"breadcrumb\":{\"@id\":\"https:\/\/royal-rajpoot-stmaur.fr\/index.php\/product\/agneau-madras\/#breadcrumb\"},\"inLanguage\":\"fr-FR\",\"potentialAction\":[{\"@type\":\"ReadAction\",\"target\":[\"https:\/\/royal-rajpoot-stmaur.fr\/index.php\/product\/agneau-madras\/\"]}]},{\"@type\":\"BreadcrumbList\",\"@id\":\"https:\/\/royal-rajpoot-stmaur.fr\/index.php\/product\/agneau-madras\/#breadcrumb\",\"itemListElement\":[{\"@type\":\"ListItem\",\"position\":1,\"name\":\"Accueil\",\"item\":\"https:\/\/royal-rajpoot-stmaur.fr\/\"},{\"@type\":\"ListItem\",\"position\":2,\"name\":\"La Carte\",\"item\":\"https:\/\/royal-rajpoot-stmaur.fr\/index.php\/shop\/\"},{\"@type\":\"ListItem\",\"position\":3,\"name\":\"AGNEAU MADRAS\"}]},{\"@type\":\"WebSite\",\"@id\":\"https:\/\/royal-rajpoot-stmaur.fr\/#website\",\"url\":\"https:\/\/royal-rajpoot-stmaur.fr\/\",\"name\":\"Royal Rajpoot\",\"description\":\"Sp\u00e9cialit\u00e9s indiennes et pakistanaises\",\"potentialAction\":[{\"@type\":\"SearchAction\",\"target\":{\"@type\":\"EntryPoint\",\"urlTemplate\":\"https:\/\/royal-rajpoot-stmaur.fr\/?s={search_term_string}\"},\"query-input\":\"required name=search_term_string\"}],\"inLanguage\":\"fr-FR\"}]}<\/script>\n<!-- \/ Yoast SEO plugin. -->","yoast_head_json":{"title":"AGNEAU MADRAS - Royal Rajpoot","robots":{"index":"index","follow":"follow","max-snippet":"max-snippet:-1","max-image-preview":"max-image-preview:large","max-video-preview":"max-video-preview:-1"},"canonical":"https:\/\/royal-rajpoot-stmaur.fr\/index.php\/product\/agneau-madras\/","og_locale":"fr_FR","og_type":"article","og_title":"AGNEAU MADRAS - Royal Rajpoot","og_description":"Agneau mac\u00e9r\u00e9 \u00e0 la sauce traditionnelle madras","og_url":"https:\/\/royal-rajpoot-stmaur.fr\/index.php\/product\/agneau-madras\/","og_site_name":"Royal Rajpoot","article_modified_time":"2024-07-13T15:59:40+00:00","twitter_card":"summary_large_image","schema":{"@context":"https:\/\/schema.org","@graph":[{"@type":"WebPage","@id":"https:\/\/royal-rajpoot-stmaur.fr\/index.php\/product\/agneau-madras\/","url":"https:\/\/royal-rajpoot-stmaur.fr\/index.php\/product\/agneau-madras\/","name":"AGNEAU MADRAS - Royal Rajpoot","isPartOf":{"@id":"https:\/\/royal-rajpoot-stmaur.fr\/#website"},"datePublished":"2016-12-07T20:35:45+00:00","dateModified":"2024-07-13T15:59:40+00:00","breadcrumb":{"@id":"https:\/\/royal-rajpoot-stmaur.fr\/index.php\/product\/agneau-madras\/#breadcrumb"},"inLanguage":"fr-FR","potentialAction":[{"@type":"ReadAction","target":["https:\/\/royal-rajpoot-stmaur.fr\/index.php\/product\/agneau-madras\/"]}]},{"@type":"BreadcrumbList","@id":"https:\/\/royal-rajpoot-stmaur.fr\/index.php\/product\/agneau-madras\/#breadcrumb","itemListElement":[{"@type":"ListItem","position":1,"name":"Accueil","item":"https:\/\/royal-rajpoot-stmaur.fr\/"},{"@type":"ListItem","position":2,"name":"La Carte","item":"https:\/\/royal-rajpoot-stmaur.fr\/index.php\/shop\/"},{"@type":"ListItem","position":3,"name":"AGNEAU MADRAS"}]},{"@type":"WebSite","@id":"https:\/\/royal-rajpoot-stmaur.fr\/#website","url":"https:\/\/royal-rajpoot-stmaur.fr\/","name":"Royal Rajpoot","description":"Sp\u00e9cialit\u00e9s indiennes et pakistanaises","potentialAction":[{"@type":"SearchAction","target":{"@type":"EntryPoint","urlTemplate":"https:\/\/royal-rajpoot-stmaur.fr\/?s={search_term_string}"},"query-input":"required name=search_term_string"}],"inLanguage":"fr-FR"}]}},"jetpack_sharing_enabled":true,"_links":{"self":[{"href":"https:\/\/royal-rajpoot-stmaur.fr\/index.php\/wp-json\/wp\/v2\/product\/783","targetHints":{"allow":["GET"]}}],"collection":[{"href":"https:\/\/royal-rajpoot-stmaur.fr\/index.php\/wp-json\/wp\/v2\/product"}],"about":[{"href":"https:\/\/royal-rajpoot-stmaur.fr\/index.php\/wp-json\/wp\/v2\/types\/product"}],"wp:attachment":[{"href":"https:\/\/royal-rajpoot-stmaur.fr\/index.php\/wp-json\/wp\/v2\/media?parent=783"}],"wp:term":[{"taxonomy":"product_cat","embeddable":true,"href":"https:\/\/royal-rajpoot-stmaur.fr\/index.php\/wp-json\/wp\/v2\/product_cat?post=783"},{"taxonomy":"product_tag","embeddable":true,"href":"https:\/\/royal-rajpoot-stmaur.fr\/index.php\/wp-json\/wp\/v2\/product_tag?post=783"}],"curies":[{"name":"wp","href":"https:\/\/api.w.org\/{rel}","templated":true}]}}